{"id":8373,"date":"2023-08-29T05:17:08","date_gmt":"2023-08-29T05:17:08","guid":{"rendered":"https:\/\/fabriciob.ar\/web\/?page_id=8373"},"modified":"2023-08-29T12:48:48","modified_gmt":"2023-08-29T12:48:48","slug":"lapacho-de-flor-rosada","status":"publish","type":"page","link":"https:\/\/fabriciob.ar\/web\/lapacho-de-flor-rosada\/","title":{"rendered":"LAPACHO ROSADO"},"content":{"rendered":"\t\t<div data-elementor-type=\"wp-page\" data-elementor-id=\"8373\" class=\"elementor elementor-8373\" data-elementor-post-type=\"page\">\n\t\t\t\t\t\t<section class=\"elementor-section elementor-top-section elementor-element elementor-element-65f6750 elementor-section-boxed elementor-section-height-default elementor-section-height-default\" data-id=\"65f6750\" data-element_type=\"section\" data-e-type=\"section\">\n\t\t\t\t\t\t<div class=\"elementor-container elementor-column-gap-default\">\n\t\t\t\t\t<div class=\"elementor-column elementor-col-100 elementor-top-column elementor-element elementor-element-8b15fb1\" data-id=\"8b15fb1\" data-element_type=\"column\" data-e-type=\"column\">\n\t\t\t<div class=\"elementor-widget-wrap elementor-element-populated\">\n\t\t\t\t\t\t<div class=\"elementor-element elementor-element-aad9b5c elementor-widget elementor-widget-image\" data-id=\"aad9b5c\" data-element_type=\"widget\" data-e-type=\"widget\" data-widget_type=\"image.default\">\n\t\t\t\t<div class=\"elementor-widget-container\">\n\t\t\t\t\t\t\t\t\t\t\t\t\t\t\t<img fetchpriority=\"high\" decoding=\"async\" width=\"500\" height=\"375\" src=\"https:\/\/fabriciob.ar\/web\/wp-content\/uploads\/2023\/08\/LAPACHOP-ROSADO.jpg\" class=\"attachment-large size-large wp-image-8374\" alt=\"\" srcset=\"https:\/\/fabriciob.ar\/web\/wp-content\/uploads\/2023\/08\/LAPACHOP-ROSADO.jpg 500w, https:\/\/fabriciob.ar\/web\/wp-content\/uploads\/2023\/08\/LAPACHOP-ROSADO-300x225.jpg 300w\" sizes=\"(max-width: 500px) 100vw, 500px\" \/>\t\t\t\t\t\t\t\t\t\t\t\t\t\t\t<\/div>\n\t\t\t\t<\/div>\n\t\t\t\t\t<\/div>\n\t\t<\/div>\n\t\t\t\t\t<\/div>\n\t\t<\/section>\n\t\t\t\t<section class=\"elementor-section elementor-top-section elementor-element elementor-element-021e7c3 elementor-section-boxed elementor-section-height-default elementor-section-height-default\" data-id=\"021e7c3\" data-element_type=\"section\" data-e-type=\"section\">\n\t\t\t\t\t\t<div class=\"elementor-container elementor-column-gap-default\">\n\t\t\t\t\t<div class=\"elementor-column elementor-col-100 elementor-top-column elementor-element elementor-element-b837484\" data-id=\"b837484\" data-element_type=\"column\" data-e-type=\"column\">\n\t\t\t<div class=\"elementor-widget-wrap elementor-element-populated\">\n\t\t\t\t\t\t<div class=\"elementor-element elementor-element-8ddc37d elementor-widget elementor-widget-text-editor\" data-id=\"8ddc37d\" data-element_type=\"widget\" data-e-type=\"widget\" data-widget_type=\"text-editor.default\">\n\t\t\t\t<div class=\"elementor-widget-container\">\n\t\t\t\t\t\t\t\t\t<header class=\"entry-header\"><h1 class=\"entry-title\">LAPACHO ROSADO<\/h1><\/header><div class=\"entry-content\"><table id=\"Especies\" border=\"1\" width=\"200\" cellspacing=\"0\" cellpadding=\"0\" align=\"center\"><tbody><tr><td align=\"center\" bgcolor=\"#488b74\" width=\"159\">Nombre Cient\u00edfico<\/td><td align=\"center\" bgcolor=\"#488b74\" width=\"159\">Origen<\/td><\/tr><tr><td>Handroanthus impetiginosus<\/td><td>Especie Nativa<\/td><\/tr><\/tbody><\/table><p>\u00a0<\/p><h5>Otros nombres comunes:<\/h5><p>Ibope-par\u00e1; ibop\u00e9 morot\u00ed; ibop\u00e9; Igop\u00e9: tacko-y\u00faraj; yana-tacu; pata<\/p><p>Otros nombres comunes: El\u00a0<strong>lapacho rosado\u00a0<\/strong>(<em>Handroanthus impetiginosus<\/em>) es una especie arb\u00f3rea caducifolia de porte alto perteneciente a la familia Bignoniaceae. Conocido como cortez negro en Costa Rica, xmacul\u00eds o macul\u00eds en Yucat\u00e1n, tajy hu en Paraguay, y ocobo en Colombia, es una especie nativa de Sudam\u00e9rica.<\/p><h5>Caracter\u00edsticas:<\/h5><h5><strong>Apariencia<\/strong><\/h5><p>Es un \u00e1rbol caducifolio de porte alto que alcanza los 30 m de altura que se encuentra ampliamente ramificado a partir del tercio medio. El fuste recto y cil\u00edndrico alcanza hasta 80 cm de espesor, est\u00e1 cubierto por una corteza gris\u00e1cea, gruesa y profundamente estriada.<\/p><p>Las fuertes ramificaciones primarias y secundarias en posici\u00f3n ascendente parten del tallo principal a una altura de 8-10 m. La copa de forma semiesf\u00e9rica se caracteriza por concentrar su follaje en la parte superior.<\/p><h5><strong>Follaje<\/strong><\/h5><p>Las hojas palmeadas, opuestas y pecioladas est\u00e1n formadas regularmente por 5-7 fol\u00edolos con m\u00e1rgenes ligeramente dentados. Los fol\u00edolos de forma el\u00edptica y lanceolados miden 6-12 cm de largo por 5-6 cm de ancho se encuentran sostenidos por largos peciolos.<\/p><p>Las hojas de color verde opaco en la mitad inferior presentan los m\u00e1rgenes enteros y en la mitad superior ligeramente aserrados. Adem\u00e1s, sus hojas presentan abundantes pilosidades en el \u00e1ngulo de uni\u00f3n entre la nerviaci\u00f3n media y <span style=\"font-family: georgia, palatino, serif; font-size: 8pt;\">secundaria.Flores<\/span> de lapacho rosado (Handroanthus impetiginosus). Fuente: J.M.Garg [CC BY-SA 4.0 (https:\/\/creativecommons.org\/licenses\/by-sa\/4.0)]<h5><strong>Flores<\/strong><\/h5><p>Las grandes flores hermafroditas de forma tubular por lo regular son de color rosado, morado o magenta, excepcionalmente blancas. Miden de 4-6 cm de largo y se encuentran divididas en 5 l\u00f3bulos rizados con el centro amarillo y finas estr\u00edas de color rojizo.<\/p><div><div><span class=\"ctaText\">Puede servirte:\u00a0<\/span>\u00a0\u00a0<span class=\"postTitle\">Casta\u00f1o de Indias: caracter\u00edsticas, h\u00e1bitat, cultivo, cuidados<\/span><\/div><\/div><p>Las flores se agrupan en corimbos o racimos de inflorescencias abiertas y racimosas en posici\u00f3n terminal, hasta con 75 flores por racimo. La floraci\u00f3n se presenta al finalizar el invierno, antes de la aparici\u00f3n de las primeras hojas que empieza durante la primavera.<\/p><p>En el hemisferio sur la floraci\u00f3n ocurre entre los meses de julio-septiembre, antes de producirse el rebrote. Por el contrario, en el hemisferio norte, desde Colombia hasta M\u00e9xico, la floraci\u00f3n se presenta en los meses de enero-febrero.<\/p><h5><strong>Frutos<\/strong><\/h5><p>El fruto es una c\u00e1psula dehiscente alargada y oblonga de color marr\u00f3n claro de 15-30 cm de largo. En su interior se encuentran numerosas semillas planas y aladas que se dispersan f\u00e1cilmente con la intervenci\u00f3n del viento.<\/p><h5><strong>Propagaci\u00f3n<\/strong><\/h5><p>Es frecuenta localizar bajo las\u00a0<a title=\"plantas\" href=\"https:\/\/www.lifeder.com\/plantas\/\" target=\"_blank\" rel=\"noopener\" data-ail=\"184169\">plantas<\/a>\u00a0adultas peque\u00f1as reto\u00f1os formadas a partir de las semillas que germinan f\u00e1cilmente en menos de una semana. Estas pl\u00e1ntulas al alcanzar los 20-25 cm de altura pueden ser trasplantadas a un sitio definitivo para establecer un nuevo \u00e1rbol.<\/p><p>A pesar de que el lapacho rosado es una especie de lento crecimiento, la primera floraci\u00f3n ocurre a los 7-8 a\u00f1os de edad, aproximadamente cuando la planta alcanza los 2 m de altura.<\/p><h5>Usos:<\/h5><h5><strong>Agroforestal<\/strong><\/h5><p>Los \u00e1rboles sembrados de manera solitaria o en agrupaciones al borde se potreros y sabanas constituyen refugio y sombra para el ganado. Sembrados al borde de caminos se constituyen en cercas vivas o barreas rompeviento, as\u00ed mismo proporcionan sombreado a cultivos permanentes.<\/p><div><div><span class=\"ctaText\">Puede servirte:\u00a0<\/span>\u00a0\u00a0<span class=\"postTitle\">Boletus edulis<\/span><\/div><\/div><h5><strong>Ecol\u00f3gico<\/strong><\/h5><p>Sus ra\u00edces ayudan a estabilizar y consolidar terrenos erosionados, as\u00ed como causes h\u00eddricos o fluviales, evitando la saturaci\u00f3n h\u00eddrica del suelo. Adem\u00e1s, se emplea regularmente para la restauraci\u00f3n de \u00e1reas intervenidas o degradas, as\u00ed como para proteger mantos acu\u00edferos.<\/p><div class=\"code-block code-block-4\"><div id=\"ssm_container-588233571\" class=\"ssm_adunit_container aU-6992\"><p><strong>Industrial<\/strong><\/p><\/div><\/div><p>La madera pesada y firme se emplea para la fabricaci\u00f3n de elementos resistentes a la inclemencia del tiempo y el trabajo continuo. Como postes para instalaciones el\u00e9ctricas, vigas para puentes, durmientes de v\u00edas f\u00e9rreas o pisos industriales.<\/p><p>Por otra parte, es ampliamente usada en instrumentos musicales, en ebanister\u00eda para elaborar piezas torneadas y para mangos de herramientas o instrumentos deportivos. Tambi\u00e9n se emplea para la obtenci\u00f3n de carb\u00f3n vegetal debido a su le\u00f1a de alto valor cal\u00f3rico.<\/p><h5><strong>Medicinal<\/strong><\/h5><p>La corteza del lapacho contiene la sustancia denominada lapachol que poseen principios antitumorales y antiinflamatorios. El cocimiento de la corteza se emplea de manera artesanal para prevenir el c\u00e1ncer, algunas enfermedades inflamatorias como cistitis, o enfermedades infecciosas como herpes y escabiosis.<\/p><p>Infusiones de hojas y ramas se emplean como astringente y vulnerario para aliviar heridas, llagas o contusiones. Adem\u00e1s, la decocci\u00f3n de la corteza se utiliza para sanar enfermedades del h\u00edgado, intestinos, pulm\u00f3n, ri\u00f1\u00f3n y vejiga. A su vez, fortalece el sistema inmunol\u00f3gico.<\/p><p>Las hojas consumidas como t\u00e9 o masticadas directamente sirven para aliviar \u00falceras g\u00e1stricas y ciertas enfermedades de la piel. En Brasil y Bolivia es empleado para curar el c\u00e1ncer, en Colombia y Venezuela se utiliza para aliviar los s\u00edntomas de la malaria y el mal de Chagas.<\/p><h5><strong>Ornamental<\/strong><\/h5><p>El lapacho rosado es una especie forestal ampliamente usada como ornamental debido a su vistosa floraci\u00f3n en calles, avenidas y plazas. La madera contiene colorantes y taninos que se emplean industrialmente en la curtiembre de cueros.<\/p><p>\u00a0<\/p><\/div>\t\t\t\t\t\t\t\t<\/div>\n\t\t\t\t<\/div>\n\t\t\t\t\t<\/div>\n\t\t<\/div>\n\t\t\t\t\t<\/div>\n\t\t<\/section>\n\t\t\t\t<\/div>\n\t\t","protected":false},"excerpt":{"rendered":"<p>LAPACHO ROSADO Nombre Cient\u00edfico Origen Handroanthus impetiginosus Especie Nativa Otros nombres comunes: Ibope-par\u00e1; ibop\u00e9 morot\u00ed; ibop\u00e9; Igop\u00e9: tacko-y\u00faraj; yana-tacu; pata Otros nombres comunes: El\u00a0lapacho rosado\u00a0(Handroanthus impetiginosus) es una especie arb\u00f3rea caducifolia de porte alto perteneciente a la familia Bignoniaceae. Conocido como cortez negro en Costa Rica, xmacul\u00eds o macul\u00eds en Yucat\u00e1n, tajy hu en Paraguay, [&hellip;]<\/p>\n","protected":false},"author":3,"featured_media":0,"parent":0,"menu_order":0,"comment_status":"closed","ping_status":"closed","template":"","meta":{"_joinchat":[],"footnotes":""},"class_list":["post-8373","page","type-page","status-publish","hentry"],"yoast_head":"<!-- This site is optimized with the Yoast SEO plugin v27.6 - https:\/\/yoast.com\/product\/yoast-seo-wordpress\/ -->\n<title>LAPACHO ROSADO - Fabricio Bolatti<\/title>\n<meta name=\"robots\" content=\"index, follow, max-snippet:-1, max-image-preview:large, max-video-preview:-1\" \/>\n<link rel=\"canonical\" href=\"https:\/\/fabriciob.ar\/web\/lapacho-de-flor-rosada\/\" \/>\n<meta property=\"og:locale\" content=\"es_ES\" \/>\n<meta property=\"og:type\" content=\"article\" \/>\n<meta property=\"og:title\" content=\"LAPACHO ROSADO - Fabricio Bolatti\" \/>\n<meta property=\"og:description\" content=\"LAPACHO ROSADO Nombre Cient\u00edfico Origen Handroanthus impetiginosus Especie Nativa Otros nombres comunes: Ibope-par\u00e1; ibop\u00e9 morot\u00ed; ibop\u00e9; Igop\u00e9: tacko-y\u00faraj; yana-tacu; pata Otros nombres comunes: El\u00a0lapacho rosado\u00a0(Handroanthus impetiginosus) es una especie arb\u00f3rea caducifolia de porte alto perteneciente a la familia Bignoniaceae. Conocido como cortez negro en Costa Rica, xmacul\u00eds o macul\u00eds en Yucat\u00e1n, tajy hu en Paraguay, [&hellip;]\" \/>\n<meta property=\"og:url\" content=\"https:\/\/fabriciob.ar\/web\/lapacho-de-flor-rosada\/\" \/>\n<meta property=\"og:site_name\" content=\"Fabricio Bolatti\" \/>\n<meta property=\"article:publisher\" content=\"https:\/\/www.facebook.com\/fabriciobolattiK\/\" \/>\n<meta property=\"article:modified_time\" content=\"2023-08-29T12:48:48+00:00\" \/>\n<meta property=\"og:image\" content=\"https:\/\/fabriciob.ar\/web\/wp-content\/uploads\/2023\/08\/LAPACHOP-ROSADO.jpg\" \/>\n<meta name=\"twitter:card\" content=\"summary_large_image\" \/>\n<meta name=\"twitter:site\" content=\"@fabriciobolatti\" \/>\n<meta name=\"twitter:label1\" content=\"Tiempo de lectura\" \/>\n\t<meta name=\"twitter:data1\" content=\"4 minutos\" \/>\n<script type=\"application\/ld+json\" class=\"yoast-schema-graph\">{\"@context\":\"https:\\\/\\\/schema.org\",\"@graph\":[{\"@type\":\"WebPage\",\"@id\":\"https:\\\/\\\/fabriciob.ar\\\/web\\\/lapacho-de-flor-rosada\\\/\",\"url\":\"https:\\\/\\\/fabriciob.ar\\\/web\\\/lapacho-de-flor-rosada\\\/\",\"name\":\"LAPACHO ROSADO - Fabricio Bolatti\",\"isPartOf\":{\"@id\":\"https:\\\/\\\/fabriciob.ar\\\/web\\\/#website\"},\"primaryImageOfPage\":{\"@id\":\"https:\\\/\\\/fabriciob.ar\\\/web\\\/lapacho-de-flor-rosada\\\/#primaryimage\"},\"image\":{\"@id\":\"https:\\\/\\\/fabriciob.ar\\\/web\\\/lapacho-de-flor-rosada\\\/#primaryimage\"},\"thumbnailUrl\":\"https:\\\/\\\/fabriciob.ar\\\/web\\\/wp-content\\\/uploads\\\/2023\\\/08\\\/LAPACHOP-ROSADO.jpg\",\"datePublished\":\"2023-08-29T05:17:08+00:00\",\"dateModified\":\"2023-08-29T12:48:48+00:00\",\"breadcrumb\":{\"@id\":\"https:\\\/\\\/fabriciob.ar\\\/web\\\/lapacho-de-flor-rosada\\\/#breadcrumb\"},\"inLanguage\":\"es\",\"potentialAction\":[{\"@type\":\"ReadAction\",\"target\":[\"https:\\\/\\\/fabriciob.ar\\\/web\\\/lapacho-de-flor-rosada\\\/\"]}]},{\"@type\":\"ImageObject\",\"inLanguage\":\"es\",\"@id\":\"https:\\\/\\\/fabriciob.ar\\\/web\\\/lapacho-de-flor-rosada\\\/#primaryimage\",\"url\":\"https:\\\/\\\/fabriciob.ar\\\/web\\\/wp-content\\\/uploads\\\/2023\\\/08\\\/LAPACHOP-ROSADO.jpg\",\"contentUrl\":\"https:\\\/\\\/fabriciob.ar\\\/web\\\/wp-content\\\/uploads\\\/2023\\\/08\\\/LAPACHOP-ROSADO.jpg\",\"width\":500,\"height\":375},{\"@type\":\"BreadcrumbList\",\"@id\":\"https:\\\/\\\/fabriciob.ar\\\/web\\\/lapacho-de-flor-rosada\\\/#breadcrumb\",\"itemListElement\":[{\"@type\":\"ListItem\",\"position\":1,\"name\":\"Portada\",\"item\":\"https:\\\/\\\/fabriciob.ar\\\/web\\\/\"},{\"@type\":\"ListItem\",\"position\":2,\"name\":\"LAPACHO ROSADO\"}]},{\"@type\":\"WebSite\",\"@id\":\"https:\\\/\\\/fabriciob.ar\\\/web\\\/#website\",\"url\":\"https:\\\/\\\/fabriciob.ar\\\/web\\\/\",\"name\":\"Fabricio Bolatti\",\"description\":\"Sitio Oficial-Comunicaci\u00f3n institucional de la gesti\u00f3n legislativa del concejal Fabricio Bolatti con los vecinos y vecinas de la ciudad de Resistencia\",\"publisher\":{\"@id\":\"https:\\\/\\\/fabriciob.ar\\\/web\\\/#organization\"},\"potentialAction\":[{\"@type\":\"SearchAction\",\"target\":{\"@type\":\"EntryPoint\",\"urlTemplate\":\"https:\\\/\\\/fabriciob.ar\\\/web\\\/?s={search_term_string}\"},\"query-input\":{\"@type\":\"PropertyValueSpecification\",\"valueRequired\":true,\"valueName\":\"search_term_string\"}}],\"inLanguage\":\"es\"},{\"@type\":\"Organization\",\"@id\":\"https:\\\/\\\/fabriciob.ar\\\/web\\\/#organization\",\"name\":\"Fabricio Bolatti-Sitio Oficial\",\"url\":\"https:\\\/\\\/fabriciob.ar\\\/web\\\/\",\"logo\":{\"@type\":\"ImageObject\",\"inLanguage\":\"es\",\"@id\":\"https:\\\/\\\/fabriciob.ar\\\/web\\\/#\\\/schema\\\/logo\\\/image\\\/\",\"url\":\"https:\\\/\\\/fabriciob.ar\\\/web\\\/wp-content\\\/uploads\\\/2020\\\/12\\\/cropped-fb-en-el-concejo-a-red-2-1.png\",\"contentUrl\":\"https:\\\/\\\/fabriciob.ar\\\/web\\\/wp-content\\\/uploads\\\/2020\\\/12\\\/cropped-fb-en-el-concejo-a-red-2-1.png\",\"width\":512,\"height\":512,\"caption\":\"Fabricio Bolatti-Sitio Oficial\"},\"image\":{\"@id\":\"https:\\\/\\\/fabriciob.ar\\\/web\\\/#\\\/schema\\\/logo\\\/image\\\/\"},\"sameAs\":[\"https:\\\/\\\/www.facebook.com\\\/fabriciobolattiK\\\/\",\"https:\\\/\\\/x.com\\\/fabriciobolatti\",\"https:\\\/\\\/www.instagram.com\\\/fabriciobolatti\\\/?igshid=7ztsgzj0mwql\",\"https:\\\/\\\/www.youtube.com\\\/channel\\\/UCWLMPKJZG1JgX9U29Pra3ng\"]}]}<\/script>\n<!-- \/ Yoast SEO plugin. -->","yoast_head_json":{"title":"LAPACHO ROSADO - Fabricio Bolatti","robots":{"index":"index","follow":"follow","max-snippet":"max-snippet:-1","max-image-preview":"max-image-preview:large","max-video-preview":"max-video-preview:-1"},"canonical":"https:\/\/fabriciob.ar\/web\/lapacho-de-flor-rosada\/","og_locale":"es_ES","og_type":"article","og_title":"LAPACHO ROSADO - Fabricio Bolatti","og_description":"LAPACHO ROSADO Nombre Cient\u00edfico Origen Handroanthus impetiginosus Especie Nativa Otros nombres comunes: Ibope-par\u00e1; ibop\u00e9 morot\u00ed; ibop\u00e9; Igop\u00e9: tacko-y\u00faraj; yana-tacu; pata Otros nombres comunes: El\u00a0lapacho rosado\u00a0(Handroanthus impetiginosus) es una especie arb\u00f3rea caducifolia de porte alto perteneciente a la familia Bignoniaceae. Conocido como cortez negro en Costa Rica, xmacul\u00eds o macul\u00eds en Yucat\u00e1n, tajy hu en Paraguay, [&hellip;]","og_url":"https:\/\/fabriciob.ar\/web\/lapacho-de-flor-rosada\/","og_site_name":"Fabricio Bolatti","article_publisher":"https:\/\/www.facebook.com\/fabriciobolattiK\/","article_modified_time":"2023-08-29T12:48:48+00:00","og_image":[{"url":"https:\/\/fabriciob.ar\/web\/wp-content\/uploads\/2023\/08\/LAPACHOP-ROSADO.jpg","type":"","width":"","height":""}],"twitter_card":"summary_large_image","twitter_site":"@fabriciobolatti","twitter_misc":{"Tiempo de lectura":"4 minutos"},"schema":{"@context":"https:\/\/schema.org","@graph":[{"@type":"WebPage","@id":"https:\/\/fabriciob.ar\/web\/lapacho-de-flor-rosada\/","url":"https:\/\/fabriciob.ar\/web\/lapacho-de-flor-rosada\/","name":"LAPACHO ROSADO - Fabricio Bolatti","isPartOf":{"@id":"https:\/\/fabriciob.ar\/web\/#website"},"primaryImageOfPage":{"@id":"https:\/\/fabriciob.ar\/web\/lapacho-de-flor-rosada\/#primaryimage"},"image":{"@id":"https:\/\/fabriciob.ar\/web\/lapacho-de-flor-rosada\/#primaryimage"},"thumbnailUrl":"https:\/\/fabriciob.ar\/web\/wp-content\/uploads\/2023\/08\/LAPACHOP-ROSADO.jpg","datePublished":"2023-08-29T05:17:08+00:00","dateModified":"2023-08-29T12:48:48+00:00","breadcrumb":{"@id":"https:\/\/fabriciob.ar\/web\/lapacho-de-flor-rosada\/#breadcrumb"},"inLanguage":"es","potentialAction":[{"@type":"ReadAction","target":["https:\/\/fabriciob.ar\/web\/lapacho-de-flor-rosada\/"]}]},{"@type":"ImageObject","inLanguage":"es","@id":"https:\/\/fabriciob.ar\/web\/lapacho-de-flor-rosada\/#primaryimage","url":"https:\/\/fabriciob.ar\/web\/wp-content\/uploads\/2023\/08\/LAPACHOP-ROSADO.jpg","contentUrl":"https:\/\/fabriciob.ar\/web\/wp-content\/uploads\/2023\/08\/LAPACHOP-ROSADO.jpg","width":500,"height":375},{"@type":"BreadcrumbList","@id":"https:\/\/fabriciob.ar\/web\/lapacho-de-flor-rosada\/#breadcrumb","itemListElement":[{"@type":"ListItem","position":1,"name":"Portada","item":"https:\/\/fabriciob.ar\/web\/"},{"@type":"ListItem","position":2,"name":"LAPACHO ROSADO"}]},{"@type":"WebSite","@id":"https:\/\/fabriciob.ar\/web\/#website","url":"https:\/\/fabriciob.ar\/web\/","name":"Fabricio Bolatti","description":"Sitio Oficial-Comunicaci\u00f3n institucional de la gesti\u00f3n legislativa del concejal Fabricio Bolatti con los vecinos y vecinas de la ciudad de Resistencia","publisher":{"@id":"https:\/\/fabriciob.ar\/web\/#organization"},"potentialAction":[{"@type":"SearchAction","target":{"@type":"EntryPoint","urlTemplate":"https:\/\/fabriciob.ar\/web\/?s={search_term_string}"},"query-input":{"@type":"PropertyValueSpecification","valueRequired":true,"valueName":"search_term_string"}}],"inLanguage":"es"},{"@type":"Organization","@id":"https:\/\/fabriciob.ar\/web\/#organization","name":"Fabricio Bolatti-Sitio Oficial","url":"https:\/\/fabriciob.ar\/web\/","logo":{"@type":"ImageObject","inLanguage":"es","@id":"https:\/\/fabriciob.ar\/web\/#\/schema\/logo\/image\/","url":"https:\/\/fabriciob.ar\/web\/wp-content\/uploads\/2020\/12\/cropped-fb-en-el-concejo-a-red-2-1.png","contentUrl":"https:\/\/fabriciob.ar\/web\/wp-content\/uploads\/2020\/12\/cropped-fb-en-el-concejo-a-red-2-1.png","width":512,"height":512,"caption":"Fabricio Bolatti-Sitio Oficial"},"image":{"@id":"https:\/\/fabriciob.ar\/web\/#\/schema\/logo\/image\/"},"sameAs":["https:\/\/www.facebook.com\/fabriciobolattiK\/","https:\/\/x.com\/fabriciobolatti","https:\/\/www.instagram.com\/fabriciobolatti\/?igshid=7ztsgzj0mwql","https:\/\/www.youtube.com\/channel\/UCWLMPKJZG1JgX9U29Pra3ng"]}]}},"_links":{"self":[{"href":"https:\/\/fabriciob.ar\/web\/wp-json\/wp\/v2\/pages\/8373","targetHints":{"allow":["GET"]}}],"collection":[{"href":"https:\/\/fabriciob.ar\/web\/wp-json\/wp\/v2\/pages"}],"about":[{"href":"https:\/\/fabriciob.ar\/web\/wp-json\/wp\/v2\/types\/page"}],"author":[{"embeddable":true,"href":"https:\/\/fabriciob.ar\/web\/wp-json\/wp\/v2\/users\/3"}],"replies":[{"embeddable":true,"href":"https:\/\/fabriciob.ar\/web\/wp-json\/wp\/v2\/comments?post=8373"}],"version-history":[{"count":10,"href":"https:\/\/fabriciob.ar\/web\/wp-json\/wp\/v2\/pages\/8373\/revisions"}],"predecessor-version":[{"id":8439,"href":"https:\/\/fabriciob.ar\/web\/wp-json\/wp\/v2\/pages\/8373\/revisions\/8439"}],"wp:attachment":[{"href":"https:\/\/fabriciob.ar\/web\/wp-json\/wp\/v2\/media?parent=8373"}],"curies":[{"name":"wp","href":"https:\/\/api.w.org\/{rel}","templated":true}]}}